 -12, 3*l + n = 0. What is the highest common divisor of m and j?
12
Let b be (-357)/(-33) + 4/22. Let z = b - 3. Let h be -2 + 87 + 1 + 2. What is the highest common factor of h and z?
8
Suppose j = 2*j - 6. Suppose -4*n + 3*b = -165, n + 3*b - 6*b - 39 = 0. Calculate the greatest common factor of n and j.
6
Let i(g) = -2*g**3 - 6*g**2 - 2*g. Let m be i(-4). Calculate the greatest common factor of 16 and m.
8
Suppose -5*f = 2*o + 2*o - 437, -4*f + 334 = -2*o. Suppose -2*l = -10 - 24. What is the greatest common factor of l and f?
17
Let n be 116/10 + (-12)/(-30). Suppose 13*t - 10*t = n. What is the highest common factor of t and 40?
4
Let y(g) = -g + 13. Suppose 11 = 3*i - 2*i. Let o be y(i). What is the greatest common divisor of 8 and o?
2
Let r(n) = n**3 - 4*n**2 + 4*n - 2. Let q be r(3). Calculate the greatest common divisor of 8 and q.
1
Suppose 4*z - r - r - 4 = 0, -16 = -4*z - r. Suppose 0 = -s - z*p - 8, s - 4*p - 26 = -6. Calculate the highest common divisor of 12 and s.
4
Let t(q) = q**3 - 10*q**2 + q - 8. Let w be t(10). Suppose c + c - 3*d = -w, c - d = 0. Calculate the greatest common divisor of c and 2.
2
Suppose 5*t + p + 1 = 0, -21 = -t + 6*t - 4*p. Let h be (-2 - t)/((-4)/(-132)). Let q = h + 46. What is the highest common factor of 13 and q?
13
Let d(l) = 6*l + 7. Let w be d(5). What is the highest common divisor of 148 and w?
37
Let g be 17*2*(-1)/(-2). Suppose b + 9 = -g. Let u = b - -37. What is the highest common factor of 11 and u?
11
Suppose 2*j = 7*j + 20. Let w be j/(-14) + 66/14. Calculate the greatest common factor of 5 and w.
5
Suppose 3*q - 3*y = 300, 3*y + y - 75 = -q. Suppose 2*o + 2*f = 3*o - q, -10 = -5*f. Calculate the greatest common divisor of 9 and o.
9
Let r = -33 + 120. Suppose j = 2*j - 4. Suppose 0 = j*u + 5*t - 20 - 153, -r = -2*u - 3*t. Calculate the greatest common factor of 6 and u.
6
Let t = -21 + 105. Suppose 0 = 5*q - 4*o - t, -2*o = 2*q + 2 - 50. Let x(l) = l**2 + 10*l + 4. Let r be x(-10). What is the greatest common factor of r and q?
4
Let q(p) = p**3 - 3*p**2 - 8*p + 6. Let b be (-1)/(0 + 3/(-15)). Let y be q(b). Calculate the highest common divisor of y and 80.
16
Let b = 77 + -41. Let t = -17 + 29. Calculate the highest common divisor of b and t.
12
Let r be -9*(-3)/(2 - -1). Let u = -95 + 176. Calculate the highest common factor of r and u.
9
Let w = -27 + 38. Suppose 0 = -a + 4*l + 13, -4*l + 0*l - 11 = a. What is the greatest common divisor of w and a?
1
Let b be 11/7 - (-30)/70. Suppose -3*t = -z - 4, 7*z - b*z + 2*t = 48. What is the greatest common factor of z and 80?
8
Let h = 67 + -15. What is the highest common factor of 130 and h?
26
Suppose -a + 2*a - 2*m - 64 = 0, -5*a - 4*m + 250 = 0. What is the greatest common factor of a and 18?
18
Suppose -11 = 5*u - 76. Suppose u = 2*y - 3. What is the greatest common divisor of y and 12?
4
Suppose 0 = t - 62 + 14. What is the greatest common factor of 16 and t?
16
Let h(w) = -6*w + 7 - w**2 - 2*w + 0. Let u be h(-9). Let o be (u/(-2))/(2/60). What is the greatest common divisor of 12 and o?
6
Let i be -5*((-568)/5 + 0). Suppose 4*z - 3*j - 1459 = -z, i = 2*z + 4*j. Let d be z/14 + 4/14. Calculate the highest common divisor of 14 and d.
7
Let q = -1 + 0. Suppose 0*z + 64 = 8*z. Let w = z + q. Calculate the highest common divisor of 1 and w.
1
Let w(q) = 2*q - 2. Let t be w(2). What is the greatest common factor of t and 3?
1
Let t(y) = -y**2 - y - 109. Let w be t(0). Let x = 16 - 37. Let d = x - w. Calculate the greatest common divisor of d and 8.
8
Let c(l) = 2*l**2 - 2 + 0*l**2 - 1 + 16*l - 5*l. Suppose -3*y - 9 = 18. Let n be c(y). What is the highest common divisor of n and 12?
12
Let i(y) = 84*y + 1 - 5 - 107*y. Let b = 3 + -7. Let x be i(b). Calculate the greatest common factor of 8 and x.
8
Let v = -21 + 23. Suppose 3*f = -4*j + 495, -5*j - v*f + 621 = f. Calculate the greatest common divisor of 18 and j.
18
Suppose -11*u + 16*u - 60 = 0. What is the greatest common factor of 2 and u?
2
Suppose 72 = 2*g + 2*f, 4*g + 2*f - 6*f = 168. What is the highest common factor of 13 and g?
13
Let u = -5 + 150. What is the greatest common divisor of 58 and u?
29
Suppose -182 = 3*s + 73. Let j = 157 + s. What is the greatest common divisor of 9 and j?
9
Suppose 2 - 34 = -3*r - 4*x, 0 = r + 5*x - 29. Calculate the greatest common divisor of r and 1.
1
Suppose 4*t = 12, -3*n + 0*t + 3*t + 60 = 0. Suppose 6*q - n - 61 = 0. What is the greatest common divisor of 7 and q?
7
Let j(h) be the second derivative of h**4/12 + 2*h**3/3 - 4*h**2 + 4*h. Let b be j(-6). What is the highest common divisor of b and 20?
4
Let q(p) = p + 3. Let h be q(5). What is the greatest common factor of h and 4?
4
Suppose -a = -23 - 16. Calculate the greatest common factor of a and 13.
13
Let z = 162 - 108. Calculate the greatest common factor of z and 135.
27
Let u = 58 - 51. Calculate the greatest common factor of u and 42.
7
Suppose -2*h - 5*a = -23, -2*a = -4*h - a + 13. What is the greatest common divisor of h and 3?
1
Suppose -4*z - 2 + 10 = 0. Suppose -4 = z*v - 24. Suppose -k = s - 112, 3*s - s + 106 = k. Calculate the greatest common divisor of k and v.
10
Suppose a = 4*a - 285. Let y = 37 + a. Calculate the highest common divisor of y and 12.
12
Let g = -80 + -101. Let q = g + 293. Calculate the greatest common factor of 16 and q.
16
Let k be 18/(-12)*12/(-9). What is the highest common divisor of 14 and k?
2
Suppose -2*y - 2*z = z - 20, 0 = -2*y - 4*z + 18. Suppose -2*a + y = 1. Let c be -1 + 14/2 - 0. Calculate the highest common factor of c and a.
6
Let r(f) = f**2 + 2*f + 1. Let t be r(-3). Let p = -1 + 3. Let b be -16*(-2 - 0/p). Calculate the greatest common factor of b and t.
4
Let k = 11 + -10. Calculate the greatest common factor of k and 7.
1
Let a(j) = j**2 - 5*j + 3. Let q be a(6). Let x = 15 + -10. Suppose y + 6 = -4*u, -2*y + 21 = -x*u - 6. Calculate the highest common factor of y and q.
3
Let x be 1/2*(0 + -38). Let l = -12 - x. Calculate the highest common factor of 1 and l.
1
Let v be (3 + -1 - 3) + -1. Let w be (3/v)/((-4)/16). Calculate the highest common divisor of w and 15.
3
Suppose 0 = -4*l + 3*l + 7. Let w be (1 - 1) + l - 2. Calculate the greatest common factor of 10 and w.
5
Let l(c) = -6*c**3 - c**2 + 4*c. Let d be l(-2). Calculate the highest common divisor of d and 54.
18
Let w = 7 - 4. Suppose 0 = w*o - 188 - 148. Suppose 2*c + 5*b - 66 = -14, 0 = -2*c + 2*b + 24. Calculate the greatest common divisor of o and c.
16
Suppose 0 = o + 15 - 80. Suppose 39 - 117 = -3*x. Calculate the highest common divisor of x and o.
13
Suppose -2*j + 279 = c, 3*j - 100 = 2*c - 672. Suppose 4*n - c = -4*u - u, -4*u = 4. Calculate the greatest common factor of n and 8.
8
Suppose -5*t + 3*f + 77 = f, -2*t - 4*f = -26. Suppose -52 = 4*d - 3*c, -5*c = d - 4 - 6. Let l be 15/(-4)*2*d. Calculate the greatest common factor of t and l.
15
Let b be (-2)/1*-9 - 0. Let u(m) = m**2 - 2*m - 1. Let g be u(-1). What is the greatest common divisor of b and g?
2
Let t be (-7)/(21/9) + 27. Calculate the highest common factor of t and 3.
3
Let s be 1/(-1)*3*-3. Let a = s + -7. Calculate the highest common divisor of a and 1.
1
Let x = -23 - -27. Suppose -3*l - 2*s = -41, -16 = -2*l + x*s + 6. Calculate the highest common factor of 91 and l.
13
Let y(f) = -3*f**3 - 3*f**2. Let h be (-1)/1*-1*-2. Let d be y(h). Let v be 34 + ((-2)/(-5))/(16/(-160)). What is the greatest common factor of v and d?
6
Let w(s) = s**2 + s - 6. Let h be w(0). Let p be 2/h + (-3)/(-9). Let x = p + 8. What is the greatest common divisor of x and 64?
8
Let t(v) = v**2 + v. Let p be t(-4). Suppose -y - 38 = -5*h + p, -3*h - y + 30 = 0. What is the greatest common divisor of 10 and h?
10
Suppose 4*i - 5 = -3*b, -5 = i - b - 1. Let y be ((-8)/i)/((-1)/(-6)). Calculate the highest common factor of y and 6.
6
Suppose -5*c + 21 = 2*s - 13, -4*c + 17 = s. Calculate the greatest common divisor of 34 and s.
17
Let c = -18 - -34. Let l = -5 - -7. Suppose l*w + 0 = c. Calculate the highest common factor of 40 and w.
8
Let o = -101 - -125. What is the highest common factor of 120 and o?
24
Let g = 22 + 20. Calculate the highest common divisor of 6 and g.
6
Let h = 470 + -295. Suppose 0 = 3*x - 2*r - h, 0 